{"id":81,"date":"2018-02-05T17:29:36","date_gmt":"2018-02-05T16:29:36","guid":{"rendered":"http:\/\/lepouillerot.fr\/?page_id=81"},"modified":"2025-04-23T17:06:35","modified_gmt":"2025-04-23T15:06:35","slug":"carte-fromages","status":"publish","type":"page","link":"https:\/\/lepouillerot.fr\/?page_id=81","title":{"rendered":"CARTE FROMAGES"},"content":{"rendered":"<h2 style=\"text-align: center;\"><span style=\"text-decoration: underline;\">Nos fromages<\/span><\/h2>\n<p style=\"text-align: center;\">Fromages secs &#8211; 6 \u20ac<br \/>\nFromage blanc fermier servi avec coulis de fruits rouges ou cr\u00e8me &#8211; 4,80 \u20ac<br \/>\n<strong>(Produit du terroir)\u00a0<\/strong><\/p>\n<p class=\"cma-preview\">\n","protected":false},"excerpt":{"rendered":"<p>Nos fromages Fromages secs &#8211; 6 \u20ac Fromage blanc fermier servi avec coulis de fruits rouges ou cr\u00e8me &#8211; 4,80 \u20ac (Produit du terroir)\u00a0<\/p>\n","protected":false},"author":1,"featured_media":0,"parent":0,"menu_order":0,"comment_status":"closed","ping_status":"closed","template":"","meta":{"inline_featured_image":false},"yoast_head":"<!-- This site is optimized with the Yoast SEO plugin v19.4 - https:\/\/yoast.com\/wordpress\/plugins\/seo\/ -->\n<title>Notre carte de Fromages au Restaurant Le Pouillerot \u00e0 Pouilly les Feurs<\/title>\n<meta name=\"description\" content=\"Fromages secs \u00e0 l&#039;assiette la semaine et l&#039;incontournable chariot le dimanche et blanc fermier de la Ferme de Chamaron \u00e0 N\u00e9ronde\" \/>\n<meta name=\"robots\" content=\"index, follow, max-snippet:-1, max-image-preview:large, max-video-preview:-1\" \/>\n<link rel=\"canonical\" href=\"https:\/\/lepouillerot.fr\/?page_id=81\" \/>\n<meta property=\"og:locale\" content=\"fr_FR\" \/>\n<meta property=\"og:type\" content=\"article\" \/>\n<meta property=\"og:title\" content=\"Notre carte de Fromages au Restaurant Le Pouillerot \u00e0 Pouilly les Feurs\" \/>\n<meta property=\"og:description\" content=\"Fromages secs \u00e0 l&#039;assiette la semaine et l&#039;incontournable chariot le dimanche et blanc fermier de la Ferme de Chamaron \u00e0 N\u00e9ronde\" \/>\n<meta property=\"og:url\" content=\"https:\/\/lepouillerot.fr\/?page_id=81\" \/>\n<meta property=\"og:site_name\" content=\"Restaurant Le Pouillerot\" \/>\n<meta property=\"article:modified_time\" content=\"2025-04-23T15:06:35+00:00\" \/>\n<meta name=\"twitter:card\" content=\"summary_large_image\" \/>\n<meta name=\"twitter:label1\" content=\"Dur\u00e9e de lecture estim\u00e9e\" \/>\n\t<meta name=\"twitter:data1\" content=\"1 minute\" \/>\n<script type=\"application\/ld+json\" class=\"yoast-schema-graph\">{\"@context\":\"https:\/\/schema.org\",\"@graph\":[{\"@type\":\"WebSite\",\"@id\":\"https:\/\/lepouillerot.fr\/#website\",\"url\":\"https:\/\/lepouillerot.fr\/\",\"name\":\"Restaurant Le Pouillerot\",\"description\":\"Le restaurant Le Pouillerot, d&#039;une capacit\u00e9 de 80 couverts, vous accueille \u00e0 Pouilly-l\u00e8s-Feurs\",\"potentialAction\":[{\"@type\":\"SearchAction\",\"target\":{\"@type\":\"EntryPoint\",\"urlTemplate\":\"https:\/\/lepouillerot.fr\/?s={search_term_string}\"},\"query-input\":\"required name=search_term_string\"}],\"inLanguage\":\"fr-FR\"},{\"@type\":\"WebPage\",\"@id\":\"https:\/\/lepouillerot.fr\/?page_id=81\",\"url\":\"https:\/\/lepouillerot.fr\/?page_id=81\",\"name\":\"Notre carte de Fromages au Restaurant Le Pouillerot \u00e0 Pouilly les Feurs\",\"isPartOf\":{\"@id\":\"https:\/\/lepouillerot.fr\/#website\"},\"datePublished\":\"2018-02-05T16:29:36+00:00\",\"dateModified\":\"2025-04-23T15:06:35+00:00\",\"description\":\"Fromages secs \u00e0 l'assiette la semaine et l'incontournable chariot le dimanche et blanc fermier de la Ferme de Chamaron \u00e0 N\u00e9ronde\",\"breadcrumb\":{\"@id\":\"https:\/\/lepouillerot.fr\/?page_id=81#breadcrumb\"},\"inLanguage\":\"fr-FR\",\"potentialAction\":[{\"@type\":\"ReadAction\",\"target\":[\"https:\/\/lepouillerot.fr\/?page_id=81\"]}]},{\"@type\":\"BreadcrumbList\",\"@id\":\"https:\/\/lepouillerot.fr\/?page_id=81#breadcrumb\",\"itemListElement\":[{\"@type\":\"ListItem\",\"position\":1,\"name\":\"Accueil\",\"item\":\"https:\/\/lepouillerot.fr\/\"},{\"@type\":\"ListItem\",\"position\":2,\"name\":\"CARTE FROMAGES\"}]}]}<\/script>\n<!-- \/ Yoast SEO plugin. -->","yoast_head_json":{"title":"Notre carte de Fromages au Restaurant Le Pouillerot \u00e0 Pouilly les Feurs","description":"Fromages secs \u00e0 l'assiette la semaine et l'incontournable chariot le dimanche et blanc fermier de la Ferme de Chamaron \u00e0 N\u00e9ronde","robots":{"index":"index","follow":"follow","max-snippet":"max-snippet:-1","max-image-preview":"max-image-preview:large","max-video-preview":"max-video-preview:-1"},"canonical":"https:\/\/lepouillerot.fr\/?page_id=81","og_locale":"fr_FR","og_type":"article","og_title":"Notre carte de Fromages au Restaurant Le Pouillerot \u00e0 Pouilly les Feurs","og_description":"Fromages secs \u00e0 l'assiette la semaine et l'incontournable chariot le dimanche et blanc fermier de la Ferme de Chamaron \u00e0 N\u00e9ronde","og_url":"https:\/\/lepouillerot.fr\/?page_id=81","og_site_name":"Restaurant Le Pouillerot","article_modified_time":"2025-04-23T15:06:35+00:00","twitter_card":"summary_large_image","twitter_misc":{"Dur\u00e9e de lecture estim\u00e9e":"1 minute"},"schema":{"@context":"https:\/\/schema.org","@graph":[{"@type":"WebSite","@id":"https:\/\/lepouillerot.fr\/#website","url":"https:\/\/lepouillerot.fr\/","name":"Restaurant Le Pouillerot","description":"Le restaurant Le Pouillerot, d&#039;une capacit\u00e9 de 80 couverts, vous accueille \u00e0 Pouilly-l\u00e8s-Feurs","potentialAction":[{"@type":"SearchAction","target":{"@type":"EntryPoint","urlTemplate":"https:\/\/lepouillerot.fr\/?s={search_term_string}"},"query-input":"required name=search_term_string"}],"inLanguage":"fr-FR"},{"@type":"WebPage","@id":"https:\/\/lepouillerot.fr\/?page_id=81","url":"https:\/\/lepouillerot.fr\/?page_id=81","name":"Notre carte de Fromages au Restaurant Le Pouillerot \u00e0 Pouilly les Feurs","isPartOf":{"@id":"https:\/\/lepouillerot.fr\/#website"},"datePublished":"2018-02-05T16:29:36+00:00","dateModified":"2025-04-23T15:06:35+00:00","description":"Fromages secs \u00e0 l'assiette la semaine et l'incontournable chariot le dimanche et blanc fermier de la Ferme de Chamaron \u00e0 N\u00e9ronde","breadcrumb":{"@id":"https:\/\/lepouillerot.fr\/?page_id=81#breadcrumb"},"inLanguage":"fr-FR","potentialAction":[{"@type":"ReadAction","target":["https:\/\/lepouillerot.fr\/?page_id=81"]}]},{"@type":"BreadcrumbList","@id":"https:\/\/lepouillerot.fr\/?page_id=81#breadcrumb","itemListElement":[{"@type":"ListItem","position":1,"name":"Accueil","item":"https:\/\/lepouillerot.fr\/"},{"@type":"ListItem","position":2,"name":"CARTE FROMAGES"}]}]}},"_links":{"self":[{"href":"https:\/\/lepouillerot.fr\/index.php?rest_route=\/wp\/v2\/pages\/81"}],"collection":[{"href":"https:\/\/lepouillerot.fr\/index.php?rest_route=\/wp\/v2\/pages"}],"about":[{"href":"https:\/\/lepouillerot.fr\/index.php?rest_route=\/wp\/v2\/types\/page"}],"author":[{"embeddable":true,"href":"https:\/\/lepouillerot.fr\/index.php?rest_route=\/wp\/v2\/users\/1"}],"replies":[{"embeddable":true,"href":"https:\/\/lepouillerot.fr\/index.php?rest_route=%2Fwp%2Fv2%2Fcomments&post=81"}],"version-history":[{"count":12,"href":"https:\/\/lepouillerot.fr\/index.php?rest_route=\/wp\/v2\/pages\/81\/revisions"}],"predecessor-version":[{"id":1310,"href":"https:\/\/lepouillerot.fr\/index.php?rest_route=\/wp\/v2\/pages\/81\/revisions\/1310"}],"wp:attachment":[{"href":"https:\/\/lepouillerot.fr\/index.php?rest_route=%2Fwp%2Fv2%2Fmedia&parent=81"}],"curies":[{"name":"wp","href":"https:\/\/api.w.org\/{rel}","templated":true}]}}

<h2 style="text-align: center;"><span style="text-decoration: underline;">Nos fromages</span></h2>
<p style="text-align: center;">Fromages secs &#8211; 6 €<br />
Fromage blanc fermier servi avec coulis de fruits rouges ou crème &#8211; 4,80 €<br />
<strong>(Produit du terroir) </strong></p>
<p class="cma-preview">

<p>Nos fromages Fromages secs &#8211; 6 € Fromage blanc fermier servi avec coulis de fruits rouges ou crème &#8211; 4,80 € (Produit du terroir) </p>

<!-- This site is optimized with the Yoast SEO plugin v19.4 - https://yoast.com/wordpress/plugins/seo/ -->
<title>Notre carte de Fromages au Restaurant Le Pouillerot à Pouilly les Feurs</title>
<meta name="description" content="Fromages secs à l&#039;assiette la semaine et l&#039;incontournable chariot le dimanche et blanc fermier de la Ferme de Chamaron à Néronde" />
<meta name="robots" content="index, follow, max-snippet:-1, max-image-preview:large, max-video-preview:-1" />
<link rel="canonical" href="https://lepouillerot.fr/?page_id=81" />
<meta property="og:locale" content="fr_FR" />
<meta property="og:type" content="article" />
<meta property="og:title" content="Notre carte de Fromages au Restaurant Le Pouillerot à Pouilly les Feurs" />
<meta property="og:description" content="Fromages secs à l&#039;assiette la semaine et l&#039;incontournable chariot le dimanche et blanc fermier de la Ferme de Chamaron à Néronde" />
<meta property="og:url" content="https://lepouillerot.fr/?page_id=81" />
<meta property="og:site_name" content="Restaurant Le Pouillerot" />
<meta property="article:modified_time" content="2025-04-23T15:06:35+00:00" />
<meta name="twitter:card" content="summary_large_image" />
<meta name="twitter:label1" content="Durée de lecture estimée" />
	<meta name="twitter:data1" content="1 minute" />
<script type="application/ld+json" class="yoast-schema-graph">{"@context":"https://schema.org","@graph":[{"@type":"WebSite","@id":"https://lepouillerot.fr/#website","url":"https://lepouillerot.fr/","name":"Restaurant Le Pouillerot","description":"Le restaurant Le Pouillerot, d&#039;une capacité de 80 couverts, vous accueille à Pouilly-lès-Feurs","potentialAction":[{"@type":"SearchAction","target":{"@type":"EntryPoint","urlTemplate":"https://lepouillerot.fr/?s={search_term_string}"},"query-input":"required name=search_term_string"}],"inLanguage":"fr-FR"},{"@type":"WebPage","@id":"https://lepouillerot.fr/?page_id=81","url":"https://lepouillerot.fr/?page_id=81","name":"Notre carte de Fromages au Restaurant Le Pouillerot à Pouilly les Feurs","isPartOf":{"@id":"https://lepouillerot.fr/#website"},"datePublished":"2018-02-05T16:29:36+00:00","dateModified":"2025-04-23T15:06:35+00:00","description":"Fromages secs à l'assiette la semaine et l'incontournable chariot le dimanche et blanc fermier de la Ferme de Chamaron à Néronde","breadcrumb":{"@id":"https://lepouillerot.fr/?page_id=81#breadcrumb"},"inLanguage":"fr-FR","potentialAction":[{"@type":"ReadAction","target":["https://lepouillerot.fr/?page_id=81"]}]},{"@type":"BreadcrumbList","@id":"https://lepouillerot.fr/?page_id=81#breadcrumb","itemListElement":[{"@type":"ListItem","position":1,"name":"Accueil","item":"https://lepouillerot.fr/"},{"@type":"ListItem","position":2,"name":"CARTE FROMAGES"}]}]}</script>
<!-- / Yoast SEO plugin. -->

Notre carte de Fromages au Restaurant Le Pouillerot à Pouilly les Feurs

Fromages secs à l'assiette la semaine et l'incontournable chariot le dimanche et blanc fermier de la Ferme de Chamaron à Néronde

Le restaurant Le Pouillerot, d&#039;une capacité de 80 couverts, vous accueille à Pouilly-lès-Feurs
