{"id":35,"date":"2018-02-05T17:16:32","date_gmt":"2018-02-05T16:16:32","guid":{"rendered":"http:\/\/lepouillerot.fr\/?page_id=35"},"modified":"2026-04-23T17:06:38","modified_gmt":"2026-04-23T15:06:38","slug":"menu-a-2050-e","status":"publish","type":"page","link":"https:\/\/lepouillerot.fr\/?page_id=35","title":{"rendered":"MENU A 26,50 \u20ac"},"content":{"rendered":"<h2 style=\"text-align: center;\"><strong><span style=\"text-decoration: underline;\">MENU 26,50 \u20ac <\/span><\/strong><\/h2>\n<h2 style=\"text-align: center;\"><span style=\"text-decoration: underline;\"><em>(sur r\u00e9servation le midi en semaine)<\/em><\/span><\/h2>\n<p style=\"text-align: center;\">Melon\/jambon cru<br \/>\nOu<\/p>\n<p style=\"text-align: center;\">Terrine de lapin et sa salade<\/p>\n<p style=\"text-align: center;\">Pied de porc pan\u00e9 au vin blanc et moutarde<br \/>\n(Produit du terroir)<br \/>\nOu<br \/>\nCrozet \u00e0 la fourme de Sauvain servi avec chorizo (Produit du terroir)<br \/>\nOu<\/p>\n<p style=\"text-align: center;\">Pav\u00e9 de merlu sauce oseille de mon potager<\/p>\n<p style=\"text-align: center;\">Ou<\/p>\n<p style=\"text-align: center;\">Andouillette pan\u00e9e au vin blanc et moutarde<\/p>\n<p style=\"text-align: center;\">(Produit du terroir)<\/p>\n<p style=\"text-align: center;\">Fromage sec ou blanc fermier<br \/>\n(Produit du terroir)<\/p>\n<p style=\"text-align: center;\">Dessert fait-maison ou glace<\/p>\n<p style=\"text-align: center;\"><span style=\"color: #000000;\">Votre plat chaud est servi avec ma sp\u00e9cialit\u00e9<\/span><\/p>\n<p style=\"text-align: center;\"><strong><span style=\"color: #000000;\">le gratin \u00e0 la fourme de Sauvain (Produit du terroir) ou nature sur demande e<\/span><span style=\"color: #000000;\">t un l\u00e9gume.<\/span><\/strong><\/p>\n","protected":false},"excerpt":{"rendered":"<p>MENU 26,50 \u20ac (sur r\u00e9servation le midi en semaine) Melon\/jambon cru Ou Terrine de lapin et sa salade Pied de porc pan\u00e9 au vin blanc et moutarde (Produit du terroir) Ou Crozet \u00e0 la fourme de Sauvain servi avec chorizo [&hellip;]<\/p>\n","protected":false},"author":1,"featured_media":0,"parent":0,"menu_order":0,"comment_status":"closed","ping_status":"closed","template":"","meta":{"inline_featured_image":false},"yoast_head":"<!-- This site is optimized with the Yoast SEO plugin v19.4 - https:\/\/yoast.com\/wordpress\/plugins\/seo\/ -->\n<title>Menu \u00e0 21 \u20ac sauf le dimanche au Restaurant Le Pouillerot<\/title>\n<meta name=\"description\" content=\"menu complet \u00e0 21 \u20ac tous les jours sauf le dimanche avec des produits du terroir et bien sur sa sp\u00e9cialit\u00e9 le Gratin de pomme de terre \u00e0 la Fourme de SAUVAIN\" \/>\n<meta name=\"robots\" content=\"index, follow, max-snippet:-1, max-image-preview:large, max-video-preview:-1\" \/>\n<link rel=\"canonical\" href=\"https:\/\/lepouillerot.fr\/?page_id=35\" \/>\n<meta property=\"og:locale\" content=\"fr_FR\" \/>\n<meta property=\"og:type\" content=\"article\" \/>\n<meta property=\"og:title\" content=\"Menu \u00e0 21 \u20ac sauf le dimanche au Restaurant Le Pouillerot\" \/>\n<meta property=\"og:description\" content=\"menu complet \u00e0 21 \u20ac tous les jours sauf le dimanche avec des produits du terroir et bien sur sa sp\u00e9cialit\u00e9 le Gratin de pomme de terre \u00e0 la Fourme de SAUVAIN\" \/>\n<meta property=\"og:url\" content=\"https:\/\/lepouillerot.fr\/?page_id=35\" \/>\n<meta property=\"og:site_name\" content=\"Restaurant Le Pouillerot\" \/>\n<meta property=\"article:modified_time\" content=\"2026-04-23T15:06:38+00:00\" \/>\n<meta name=\"twitter:card\" content=\"summary_large_image\" \/>\n<meta name=\"twitter:label1\" content=\"Dur\u00e9e de lecture estim\u00e9e\" \/>\n\t<meta name=\"twitter:data1\" content=\"1 minute\" \/>\n<script type=\"application\/ld+json\" class=\"yoast-schema-graph\">{\"@context\":\"https:\/\/schema.org\",\"@graph\":[{\"@type\":\"WebSite\",\"@id\":\"https:\/\/lepouillerot.fr\/#website\",\"url\":\"https:\/\/lepouillerot.fr\/\",\"name\":\"Restaurant Le Pouillerot\",\"description\":\"Le restaurant Le Pouillerot, d&#039;une capacit\u00e9 de 80 couverts, vous accueille \u00e0 Pouilly-l\u00e8s-Feurs\",\"potentialAction\":[{\"@type\":\"SearchAction\",\"target\":{\"@type\":\"EntryPoint\",\"urlTemplate\":\"https:\/\/lepouillerot.fr\/?s={search_term_string}\"},\"query-input\":\"required name=search_term_string\"}],\"inLanguage\":\"fr-FR\"},{\"@type\":\"WebPage\",\"@id\":\"https:\/\/lepouillerot.fr\/?page_id=35\",\"url\":\"https:\/\/lepouillerot.fr\/?page_id=35\",\"name\":\"Menu \u00e0 21 \u20ac sauf le dimanche au Restaurant Le Pouillerot\",\"isPartOf\":{\"@id\":\"https:\/\/lepouillerot.fr\/#website\"},\"datePublished\":\"2018-02-05T16:16:32+00:00\",\"dateModified\":\"2026-04-23T15:06:38+00:00\",\"description\":\"menu complet \u00e0 21 \u20ac tous les jours sauf le dimanche avec des produits du terroir et bien sur sa sp\u00e9cialit\u00e9 le Gratin de pomme de terre \u00e0 la Fourme de SAUVAIN\",\"breadcrumb\":{\"@id\":\"https:\/\/lepouillerot.fr\/?page_id=35#breadcrumb\"},\"inLanguage\":\"fr-FR\",\"potentialAction\":[{\"@type\":\"ReadAction\",\"target\":[\"https:\/\/lepouillerot.fr\/?page_id=35\"]}]},{\"@type\":\"BreadcrumbList\",\"@id\":\"https:\/\/lepouillerot.fr\/?page_id=35#breadcrumb\",\"itemListElement\":[{\"@type\":\"ListItem\",\"position\":1,\"name\":\"Accueil\",\"item\":\"https:\/\/lepouillerot.fr\/\"},{\"@type\":\"ListItem\",\"position\":2,\"name\":\"MENU A 26,50 \u20ac\"}]}]}<\/script>\n<!-- \/ Yoast SEO plugin. -->","yoast_head_json":{"title":"Menu \u00e0 21 \u20ac sauf le dimanche au Restaurant Le Pouillerot","description":"menu complet \u00e0 21 \u20ac tous les jours sauf le dimanche avec des produits du terroir et bien sur sa sp\u00e9cialit\u00e9 le Gratin de pomme de terre \u00e0 la Fourme de SAUVAIN","robots":{"index":"index","follow":"follow","max-snippet":"max-snippet:-1","max-image-preview":"max-image-preview:large","max-video-preview":"max-video-preview:-1"},"canonical":"https:\/\/lepouillerot.fr\/?page_id=35","og_locale":"fr_FR","og_type":"article","og_title":"Menu \u00e0 21 \u20ac sauf le dimanche au Restaurant Le Pouillerot","og_description":"menu complet \u00e0 21 \u20ac tous les jours sauf le dimanche avec des produits du terroir et bien sur sa sp\u00e9cialit\u00e9 le Gratin de pomme de terre \u00e0 la Fourme de SAUVAIN","og_url":"https:\/\/lepouillerot.fr\/?page_id=35","og_site_name":"Restaurant Le Pouillerot","article_modified_time":"2026-04-23T15:06:38+00:00","twitter_card":"summary_large_image","twitter_misc":{"Dur\u00e9e de lecture estim\u00e9e":"1 minute"},"schema":{"@context":"https:\/\/schema.org","@graph":[{"@type":"WebSite","@id":"https:\/\/lepouillerot.fr\/#website","url":"https:\/\/lepouillerot.fr\/","name":"Restaurant Le Pouillerot","description":"Le restaurant Le Pouillerot, d&#039;une capacit\u00e9 de 80 couverts, vous accueille \u00e0 Pouilly-l\u00e8s-Feurs","potentialAction":[{"@type":"SearchAction","target":{"@type":"EntryPoint","urlTemplate":"https:\/\/lepouillerot.fr\/?s={search_term_string}"},"query-input":"required name=search_term_string"}],"inLanguage":"fr-FR"},{"@type":"WebPage","@id":"https:\/\/lepouillerot.fr\/?page_id=35","url":"https:\/\/lepouillerot.fr\/?page_id=35","name":"Menu \u00e0 21 \u20ac sauf le dimanche au Restaurant Le Pouillerot","isPartOf":{"@id":"https:\/\/lepouillerot.fr\/#website"},"datePublished":"2018-02-05T16:16:32+00:00","dateModified":"2026-04-23T15:06:38+00:00","description":"menu complet \u00e0 21 \u20ac tous les jours sauf le dimanche avec des produits du terroir et bien sur sa sp\u00e9cialit\u00e9 le Gratin de pomme de terre \u00e0 la Fourme de SAUVAIN","breadcrumb":{"@id":"https:\/\/lepouillerot.fr\/?page_id=35#breadcrumb"},"inLanguage":"fr-FR","potentialAction":[{"@type":"ReadAction","target":["https:\/\/lepouillerot.fr\/?page_id=35"]}]},{"@type":"BreadcrumbList","@id":"https:\/\/lepouillerot.fr\/?page_id=35#breadcrumb","itemListElement":[{"@type":"ListItem","position":1,"name":"Accueil","item":"https:\/\/lepouillerot.fr\/"},{"@type":"ListItem","position":2,"name":"MENU A 26,50 \u20ac"}]}]}},"_links":{"self":[{"href":"https:\/\/lepouillerot.fr\/index.php?rest_route=\/wp\/v2\/pages\/35"}],"collection":[{"href":"https:\/\/lepouillerot.fr\/index.php?rest_route=\/wp\/v2\/pages"}],"about":[{"href":"https:\/\/lepouillerot.fr\/index.php?rest_route=\/wp\/v2\/types\/page"}],"author":[{"embeddable":true,"href":"https:\/\/lepouillerot.fr\/index.php?rest_route=\/wp\/v2\/users\/1"}],"replies":[{"embeddable":true,"href":"https:\/\/lepouillerot.fr\/index.php?rest_route=%2Fwp%2Fv2%2Fcomments&post=35"}],"version-history":[{"count":41,"href":"https:\/\/lepouillerot.fr\/index.php?rest_route=\/wp\/v2\/pages\/35\/revisions"}],"predecessor-version":[{"id":1370,"href":"https:\/\/lepouillerot.fr\/index.php?rest_route=\/wp\/v2\/pages\/35\/revisions\/1370"}],"wp:attachment":[{"href":"https:\/\/lepouillerot.fr\/index.php?rest_route=%2Fwp%2Fv2%2Fmedia&parent=35"}],"curies":[{"name":"wp","href":"https:\/\/api.w.org\/{rel}","templated":true}]}}